{"id":1669,"date":"2024-01-26T06:35:50","date_gmt":"2024-01-26T06:35:50","guid":{"rendered":"http:\/\/bankas.viko.lt\/?page_id=1669"},"modified":"2024-05-30T05:19:45","modified_gmt":"2024-05-30T05:19:45","slug":"terminuotas-indelis-term-deposit","status":"publish","type":"page","link":"http:\/\/bankas.viko.lt\/?page_id=1669","title":{"rendered":"Terminuotas ind\u0117lis \/ Term deposit"},"content":{"rendered":"\n<h3 class=\"wp-block-heading has-text-align-center\"><a href=\"https:\/\/docs.google.com\/forms\/d\/1y1hTol3OzOYU5opQAFt0MLK5toyqVwxVZSlolDfItiI\/edit\">PILDYTI PARAI\u0160K\u0104 \/ FILL IN AN APPLICATION<\/a><\/h3>\n\n\n\n<h2 class=\"wp-block-heading\">Terminuotas ind\u0117lis<\/h2>\n\n\n\n<p><strong>Terminuotasis ind\u0117lis<\/strong> \u2013 tai konkre\u010dios, ind\u0117lio sutarties sudarymo dien\u0105 nustatytos pinig\u0173 sumos laikymas banke pasirinktu laikotarpiu su galimybe savo pajamas padidinti banko mokamomis pal\u016bkanomis.<\/p>\n\n\n\n<p><strong>S\u0105lygos:<\/strong>&nbsp;<\/p>\n\n\n\n<ul class=\"wp-block-list\">\n<li>Galima taupyti tik EUR ir USD valiuta.<\/li>\n\n\n\n<li>Ind\u0117lio limitai:<\/li>\n\n\n\n<li>EUR \u2013 500 \u2013 100 000.<\/li>\n\n\n\n<li>USD \u2013 1000 \u2013 50 000.<\/li>\n\n\n\n<li>Terminas nuo 1 m\u0117n. iki 24 m\u0117n.;\u202f<\/li>\n\n\n\n<li>Pal\u016bkan\u0173 norma:<\/li>\n\n\n\n<li>EUR \u2013 nuo 3 iki 4 %.<\/li>\n\n\n\n<li>USD \u2013 nuo 2 iki 3 %.<\/li>\n\n\n\n<li>Pal\u016bkanos pradedamos skai\u010diuoti kit\u0105 dien\u0105 po ind\u0117lio \u012fd\u0117jimo;\u202f<\/li>\n\n\n\n<li>Ind\u0117lio suma negali b\u016bti ma\u017einama arba didinama papildomais \u012fna\u0161ais;\u202f<\/li>\n\n\n\n<li>Sukauptas pal\u016bkanas atsiimti galima sekan\u010di\u0105 darbo dien\u0105 nuo terminuotojo ind\u0117lio sutartyje nurodytos paskutin\u0117s termino dienos;<\/li>\n\n\n\n<li>Jei reikia, galite nutraukti ind\u0117lio sutart\u012f prie\u0161 termin\u0105 ir atsiimti l\u0117\u0161as, ta\u010diau tokiu atveju Jums nebus i\u0161mok\u0117tos pal\u016bkanos.<\/li>\n<\/ul>\n\n\n\n<p>Terminuotojo ind\u0117lio metin\u0117s pal\u016bkanos, (proc.):&nbsp;<\/p>\n\n\n\n<figure class=\"wp-block-image size-large\"><a href=\"http:\/\/bankas.viko.lt\/wp-content\/uploads\/2024\/05\/terminuotas-i-24-05.jpg\"><img loading=\"lazy\" decoding=\"async\" width=\"1024\" height=\"194\" src=\"http:\/\/bankas.viko.lt\/wp-content\/uploads\/2024\/05\/terminuotas-i-24-05-1024x194.jpg\" alt=\"\" class=\"wp-image-1749\" srcset=\"http:\/\/bankas.viko.lt\/wp-content\/uploads\/2024\/05\/terminuotas-i-24-05-1024x194.jpg 1024w, http:\/\/bankas.viko.lt\/wp-content\/uploads\/2024\/05\/terminuotas-i-24-05-300x57.jpg 300w, http:\/\/bankas.viko.lt\/wp-content\/uploads\/2024\/05\/terminuotas-i-24-05-768x146.jpg 768w, http:\/\/bankas.viko.lt\/wp-content\/uploads\/2024\/05\/terminuotas-i-24-05-1536x291.jpg 1536w, http:\/\/bankas.viko.lt\/wp-content\/uploads\/2024\/05\/terminuotas-i-24-05.jpg 1842w\" sizes=\"auto, (max-width: 1024px) 100vw, 1024px\" \/><\/a><\/figure>\n\n\n\n<h2 class=\"wp-block-heading\">Term deposit<\/h2>\n\n\n\n<p><strong>Term deposit<\/strong> means keeping a specific amount of money determined on the day of signing the deposit agreement in the bank for a selected period with the possibility of increasing your income with the interest paid by the bank.<\/p>\n\n\n\n<p><strong>Conditions:<\/strong><\/p>\n\n\n\n<ul class=\"wp-block-list\">\n<li>You can only save in Euro currency.<\/li>\n\n\n\n<li>DEPOSIT limit:\n<ul class=\"wp-block-list\">\n<li>EUR \u2013 500 \u2013 100 000.<\/li>\n\n\n\n<li>USD \u2013 1000 \u2013 50 000.<\/li>\n<\/ul>\n<\/li>\n\n\n\n<li>Term from 1 months up to 24 months;<\/li>\n\n\n\n<li>RATES range:\n<ul class=\"wp-block-list\">\n<li>EUR \u2013 from 3 to 4 %.<\/li>\n\n\n\n<li>USD \u2013 from 2 to 3 %.<\/li>\n<\/ul>\n<\/li>\n\n\n\n<li>Interest begins to be calculated the day after the deposit is made;<\/li>\n\n\n\n<li>The amount of the deposit cannot be reduced or increased by additional contributions;<\/li>\n\n\n\n<li>Accumulated interest can be withdrawn on the following working day from the last day of the term specified in the fixed deposit agreement;<\/li>\n\n\n\n<li>If necessary, you can terminate the deposit agreement before the deadline and withdraw the funds, but in this case you will not be paid interest.<\/li>\n<\/ul>\n\n\n\n<p>Annual interest of the term deposit, (%):<\/p>\n\n\n\n<figure class=\"wp-block-image size-large\"><a href=\"http:\/\/bankas.viko.lt\/wp-content\/uploads\/2024\/05\/term-d-24-05.jpg\"><img loading=\"lazy\" decoding=\"async\" width=\"1024\" height=\"227\" src=\"http:\/\/bankas.viko.lt\/wp-content\/uploads\/2024\/05\/term-d-24-05-1024x227.jpg\" alt=\"\" class=\"wp-image-1750\" srcset=\"http:\/\/bankas.viko.lt\/wp-content\/uploads\/2024\/05\/term-d-24-05-1024x227.jpg 1024w, http:\/\/bankas.viko.lt\/wp-content\/uploads\/2024\/05\/term-d-24-05-300x66.jpg 300w, http:\/\/bankas.viko.lt\/wp-content\/uploads\/2024\/05\/term-d-24-05-768x170.jpg 768w, http:\/\/bankas.viko.lt\/wp-content\/uploads\/2024\/05\/term-d-24-05-1536x340.jpg 1536w, http:\/\/bankas.viko.lt\/wp-content\/uploads\/2024\/05\/term-d-24-05.jpg 1806w\" sizes=\"auto, (max-width: 1024px) 100vw, 1024px\" \/><\/a><\/figure>\n","protected":false},"excerpt":{"rendered":"<p>PILDYTI PARAI\u0160K\u0104 \/ FILL IN AN APPLICATION Terminuotas ind\u0117lis Terminuotasis ind\u0117lis \u2013 tai konkre\u010dios, ind\u0117lio sutarties sudarymo dien\u0105 nustatytos pinig\u0173 sumos laikymas banke pasirinktu laikotarpiu su galimybe savo pajamas padidinti banko mokamomis pal\u016bkanomis. S\u0105lygos:&nbsp; Terminuotojo ind\u0117lio metin\u0117s pal\u016bkanos, (proc.):&nbsp; Term deposit Term deposit means keeping a specific amount of money determined on the day of signing the deposit agreement in the bank for a selected period with the possibility of&#8230;<\/p>\n","protected":false},"author":1,"featured_media":0,"parent":1657,"menu_order":2,"comment_status":"closed","ping_status":"closed","template":"","meta":{"footnotes":""},"class_list":["post-1669","page","type-page","status-publish","hentry"],"_links":{"self":[{"href":"http:\/\/bankas.viko.lt\/index.php?rest_route=\/wp\/v2\/pages\/1669","targetHints":{"allow":["GET"]}}],"collection":[{"href":"http:\/\/bankas.viko.lt\/index.php?rest_route=\/wp\/v2\/pages"}],"about":[{"href":"http:\/\/bankas.viko.lt\/index.php?rest_route=\/wp\/v2\/types\/page"}],"author":[{"embeddable":true,"href":"http:\/\/bankas.viko.lt\/index.php?rest_route=\/wp\/v2\/users\/1"}],"replies":[{"embeddable":true,"href":"http:\/\/bankas.viko.lt\/index.php?rest_route=%2Fwp%2Fv2%2Fcomments&post=1669"}],"version-history":[{"count":3,"href":"http:\/\/bankas.viko.lt\/index.php?rest_route=\/wp\/v2\/pages\/1669\/revisions"}],"predecessor-version":[{"id":1757,"href":"http:\/\/bankas.viko.lt\/index.php?rest_route=\/wp\/v2\/pages\/1669\/revisions\/1757"}],"up":[{"embeddable":true,"href":"http:\/\/bankas.viko.lt\/index.php?rest_route=\/wp\/v2\/pages\/1657"}],"wp:attachment":[{"href":"http:\/\/bankas.viko.lt\/index.php?rest_route=%2Fwp%2Fv2%2Fmedia&parent=1669"}],"curies":[{"name":"wp","href":"https:\/\/api.w.org\/{rel}","templated":true}]}}