{"id":1651,"date":"2024-01-25T13:05:48","date_gmt":"2024-01-25T13:05:48","guid":{"rendered":"http:\/\/bankas.viko.lt\/?page_id=1651"},"modified":"2024-05-30T05:19:13","modified_gmt":"2024-05-30T05:19:13","slug":"kreditavimas-loans","status":"publish","type":"page","link":"http:\/\/bankas.viko.lt\/?page_id=1651","title":{"rendered":"Kreditavimas \/ Loans"},"content":{"rendered":"\n<h3 class=\"wp-block-heading has-text-align-center\"><a href=\"https:\/\/docs.google.com\/forms\/d\/1OGnHYUT36mTeIv6JKpwzxxxfGwZvj7V6C1BGhaHUXuM\/edit\">PILDYTI PARAI\u0160K\u0104 \/ FILL IN AN APPLICATION<\/a><\/h3>\n\n\n\n<h2 class=\"wp-block-heading\"><strong>Vartojimo paskola<\/strong><\/h2>\n\n\n\n<p>M\u016bs\u0173 paskola yra skirta bet kokiems j\u016bs\u0173 sumanymams \u2013 visoms ma\u017eoms ir did\u017eioms id\u0117joms. VIKO BANKAS vartojimo paskola yra pervedama \u012f j\u016bs\u0173 banko s\u0105skait\u0105, o jums tereikia nuspr\u0119sti, kaip ir kada jas realizuosite. VIKO BANKAS vartojimo paskola suteikiama internetu. Sudaryti vartojimo paskolos sutart\u012f paprasta. U\u017epildykite vartojimo paskolos internetu parai\u0161k\u0105, pasirinkdami sum\u0105 ir termin\u0105. Operatyviai atliksime j\u016bs\u0173 kreditingumo bei rizikos vertinim\u0105 ir pateiksime jums pasi\u016blym\u0105. Suprantame j\u016bs\u0173 poreikius. M\u016bs\u0173 kainodara skaidri, siekiame, kad VIKO BANKAS vartojimo kreditai b\u016bt\u0173 teikiami geromis s\u0105lygomis.<\/p>\n\n\n\n<p><strong>Vartojimo paskolos s\u0105lygos:<\/strong><\/p>\n\n\n\n<ul class=\"wp-block-list\">\n<li>Paskola nuo 500 iki 30 000 Eur be u\u017estato.<\/li>\n\n\n\n<li>Nedidel\u0117s paskolos pal\u016bkanos: nuo 5.5 % per metus.<\/li>\n\n\n\n<li>Terminas nuo 6 iki 36 m\u0117nesi\u0173.<\/li>\n\n\n\n<li>Pinigus pervesime Jums \u012f s\u0105skait\u0105 i\u0161 karto po sutarties sudarymo.<\/li>\n\n\n\n<li>Pasiskolint\u0105 sum\u0105 ar jos dal\u012f gal\u0117site gr\u0105\u017einti anks\u010diau laiko be papildom\u0173 mokes\u010di\u0173.<\/li>\n\n\n\n<li>Parai\u0161k\u0105 galima u\u017epildyti VIKO BANKAS svetain\u0117je.<\/li>\n\n\n\n<li>Jums gali b\u016bti pasi\u016blytos kitos paskolos internetu s\u0105lygos, kurios priklauso nuo banko atlikto J\u016bs\u0173 kreditingumo bei rizikos vertinimo.<\/li>\n<\/ul>\n\n\n\n<p><strong>J\u016bs\u0173 pajamos ir \u012fsipareigojimai:<\/strong><\/p>\n\n\n\n<ul class=\"wp-block-list\">\n<li>Prie\u0161 apsisprend\u017eiant d\u0117l paskolos ir jos dyd\u017eio rekomenduojame atid\u017eiai \u012fvertinti asmenines ir \/ ar \u0161eimos finansines galimybes. Rekomenduojama, kad visoms J\u016bs\u0173 (\u0161eimos) turim\u0173 finansini\u0173 \u012fsipareigojim\u0173 m\u0117nesio \u012fmokoms skirtum\u0117te ne daugiau kaip 30\u201340 % pajam\u0173 per m\u0117nes\u012f.<\/li>\n\n\n\n<li>J\u016bs\u0173 pajamos atskai\u010dius mokes\u010dius priklausomai nuo paskolos sumos turi b\u016bti ne ma\u017eesn\u0117s nei 450 Eur \/ m\u0117n.<\/li>\n\n\n\n<li>Pajamas turite reguliariai gauti ne trumpiau nei 6 m\u0117n. i\u0161 eil\u0117s ir Jums turi b\u016bti pasibaig\u0119s bandomasis laikotarpis.<\/li>\n\n\n\n<li>Jei paskol\u0105 planuojate gr\u0105\u017einti ne i\u0161 darbo u\u017emokes\u010dio pajam\u0173, Jums reik\u0117s pateikti oficialius dokumentus, \u012frodan\u010dius \u0161i\u0173 pajam\u0173 gavim\u0105.<\/li>\n<\/ul>\n\n\n\n<h2 class=\"wp-block-heading\"><strong>Consumer loan<\/strong><\/h2>\n\n\n\n<p>Our loan is for any idea you have &#8211; all ideas, big and small. The VIKO BANK consumer loan is transferred to your bank account, and you only need to decide how and when you will realize it. VIKO BANK consumer loan is provided online. It is easy to conclude a consumer loan agreement. Fill out the consumer loan application online, choosing the amount and term. We will quickly assess your creditworthiness and risk and provide you with an offer. We understand your needs. Our pricing is transparent, we aim for VIKO BANK consumer credits to be provided on good terms.<\/p>\n\n\n\n<p><strong>Terms of the consumer loan:<\/strong><\/p>\n\n\n\n<ul class=\"wp-block-list\">\n<li>Loan from 500 to 30,000 EUR without collateral.<\/li>\n\n\n\n<li>Small loan interest: from 5.5% per year.<\/li>\n\n\n\n<li>Term from 6 to 36 months.<\/li>\n\n\n\n<li>We will transfer the money to your account immediately after concluding the contract.<\/li>\n\n\n\n<li>You will be able to repay the borrowed amount or part of it early without additional fees.<\/li>\n\n\n\n<li>The application can be filled out on the VIKO BANK website.<\/li>\n\n\n\n<li>You may be offered other online loan conditions, which depend on your creditworthiness and risk assessment performed by the bank.<\/li>\n<\/ul>\n\n\n\n<p><strong>Your income and liabilities:<\/strong><\/p>\n\n\n\n<ul class=\"wp-block-list\">\n<li>Before deciding on a loan and its size, we recommend carefully evaluating personal and\/or family financial capabilities. It is recommended that you allocate no more than 30-40% of your income per month for the monthly payments of all your (family&#8217;s) existing financial obligations.<\/li>\n\n\n\n<li>Depending on the loan amount, your income after taxes must be at least 450 EUR\/month.<\/li>\n\n\n\n<li>You must receive income regularly for at least 6 months. in a row and you must have completed your trial period.<\/li>\n\n\n\n<li>If you plan to repay the loan from income other than wages, you will need to submit official documents proving the receipt of this income.<\/li>\n<\/ul>\n","protected":false},"excerpt":{"rendered":"<p>PILDYTI PARAI\u0160K\u0104 \/ FILL IN AN APPLICATION Vartojimo paskola M\u016bs\u0173 paskola yra skirta bet kokiems j\u016bs\u0173 sumanymams \u2013 visoms ma\u017eoms ir did\u017eioms id\u0117joms. VIKO BANKAS vartojimo paskola yra pervedama \u012f j\u016bs\u0173 banko s\u0105skait\u0105, o jums tereikia nuspr\u0119sti, kaip ir kada&#8230; <a class=\"more-link\" href=\"http:\/\/bankas.viko.lt\/?page_id=1651\">Continue Reading &rarr;<\/a><\/p>\n","protected":false},"author":1,"featured_media":0,"parent":1550,"menu_order":2,"comment_status":"closed","ping_status":"closed","template":"","meta":{"footnotes":""},"class_list":["post-1651","page","type-page","status-publish","hentry"],"_links":{"self":[{"href":"http:\/\/bankas.viko.lt\/index.php?rest_route=\/wp\/v2\/pages\/1651","targetHints":{"allow":["GET"]}}],"collection":[{"href":"http:\/\/bankas.viko.lt\/index.php?rest_route=\/wp\/v2\/pages"}],"about":[{"href":"http:\/\/bankas.viko.lt\/index.php?rest_route=\/wp\/v2\/types\/page"}],"author":[{"embeddable":true,"href":"http:\/\/bankas.viko.lt\/index.php?rest_route=\/wp\/v2\/users\/1"}],"replies":[{"embeddable":true,"href":"http:\/\/bankas.viko.lt\/index.php?rest_route=%2Fwp%2Fv2%2Fcomments&post=1651"}],"version-history":[{"count":2,"href":"http:\/\/bankas.viko.lt\/index.php?rest_route=\/wp\/v2\/pages\/1651\/revisions"}],"predecessor-version":[{"id":1755,"href":"http:\/\/bankas.viko.lt\/index.php?rest_route=\/wp\/v2\/pages\/1651\/revisions\/1755"}],"up":[{"embeddable":true,"href":"http:\/\/bankas.viko.lt\/index.php?rest_route=\/wp\/v2\/pages\/1550"}],"wp:attachment":[{"href":"http:\/\/bankas.viko.lt\/index.php?rest_route=%2Fwp%2Fv2%2Fmedia&parent=1651"}],"curies":[{"name":"wp","href":"https:\/\/api.w.org\/{rel}","templated":true}]}}